{"id":250,"date":"2021-02-20T00:27:13","date_gmt":"2021-02-19T21:27:13","guid":{"rendered":"https:\/\/www.binavlun.com\/?page_id=250"},"modified":"2024-01-01T21:13:53","modified_gmt":"2024-01-01T18:13:53","slug":"proje-hakkinda","status":"publish","type":"page","link":"https:\/\/www.binavlun.com\/?page_id=250","title":{"rendered":"Proje Hakk\u0131nda"},"content":{"rendered":"\n<p><\/p>\n\n\n\n<p class=\"has-medium-font-size\"><strong>Bizler <a href=\"https:\/\/www.binavlun.com\/\">B\u0130 NAVLUN<\/a> olarak Avrupa, Afrika ve Orta Do\u011fu \u00fclkelerine \u00fcretimden teslime kadar olan s\u00fcre\u00e7leri yeni nesil lojistik anlay\u0131\u015fla profesyonel ekibimizle, sekt\u00f6r\u00fcnde marka olmu\u015f \u00e7\u00f6z\u00fcm ortaklar\u0131m\u0131zla y\u00fcr\u00fcten hizmet platformudur.<\/strong><\/p>\n\n\n\n<p style=\"font-size:18px\"><strong>Sekt\u00f6r\u00fcnde uzmanla\u015fm\u0131\u015f firmalar ile sizlere lojistik alan\u0131nda fark\u0131ndal\u0131k olu\u015fturuyoruz. E-\u0130hracat \u00e7al\u0131\u015fmam\u0131z ile sizlerin \u00fcr\u00fcnlerinizi geni\u015f pazarlara sunuyoruz. \u0130ster 1 kilo isterseniz 1.000 kg olan navlunuzu kap\u0131n\u0131zdan al\u0131yoruz. Al\u0131c\u0131lara ula\u015ft\u0131r\u0131yoruz. Kaliteden,\u00f6d\u00fcn vermeyerek ekonomik fiyatlar\u0131 sunmaya \u00e7al\u0131\u015f\u0131yoruz.<\/strong><\/p>\n\n\n\n<p><strong><a href=\"https:\/\/www.binavlun.com\/?page_id=250\">D\u00fczenli olarak komple veya parsiyel y\u00fck g\u00f6nderiyorsan\u0131z  Size \u00f6zel Lojistik \u00e7\u00f6z\u00fcmleri teklifimiz ile \u015firketinize her zaman uygun bir \u00e7\u00f6z\u00fcm sunuyoruz.<\/a><\/strong><\/p>\n\n\n\n<p><strong>NELER YAPIYORUZ ?<\/strong><\/p>\n\n\n\n<ul>\n<li><strong>Kara Ta\u015f\u0131mac\u0131l\u0131\u011f\u0131<\/strong>                                        <\/li>\n\n\n\n<li><strong>Deniz Ta\u015f\u0131mac\u0131l\u0131\u011f\u0131<\/strong><\/li>\n\n\n\n<li><strong>Hava Ta\u015f\u0131mac\u0131l\u0131\u011f\u0131<\/strong>                                       <\/li>\n\n\n\n<li><strong>Elle\u00e7leme  \/ Depolama<\/strong><\/li>\n\n\n\n<li><strong>Tedarik Y\u00f6netim Zinciri<\/strong>                             <\/li>\n\n\n\n<li><strong>Yurti\u00e7i \/ Yurtd\u0131\u015f\u0131 Paket Teslimi  <\/strong><\/li>\n\n\n\n<li><strong>Kontratl\u0131 Ta\u015f\u0131mac\u0131l\u0131k<\/strong>                                 <\/li>\n\n\n\n<li><strong>Demiryolu Ta\u015f\u0131mac\u0131l\u0131\u011f\u0131    <\/strong>            <\/li>\n<\/ul>\n","protected":false},"excerpt":{"rendered":"<p>Bizler B\u0130 NAVLUN olarak Avrupa, Afrika ve Orta Do\u011fu \u00fclkelerine \u00fcretimden teslime kadar olan s\u00fcre\u00e7leri yeni nesil lojistik anlay\u0131\u015fla profesyonel ekibimizle, sekt\u00f6r\u00fcnde marka olmu\u015f \u00e7\u00f6z\u00fcm <a href=\"https:\/\/www.binavlun.com\/?page_id=250\" class=\"read-more-link\">[Read More&#8230;]<\/a><\/p>\n","protected":false},"author":1,"featured_media":0,"parent":0,"menu_order":0,"comment_status":"closed","ping_status":"closed","template":"","meta":{"footnotes":""},"_links":{"self":[{"href":"https:\/\/www.binavlun.com\/index.php?rest_route=\/wp\/v2\/pages\/250"}],"collection":[{"href":"https:\/\/www.binavlun.com\/index.php?rest_route=\/wp\/v2\/pages"}],"about":[{"href":"https:\/\/www.binavlun.com\/index.php?rest_route=\/wp\/v2\/types\/page"}],"author":[{"embeddable":true,"href":"https:\/\/www.binavlun.com\/index.php?rest_route=\/wp\/v2\/users\/1"}],"replies":[{"embeddable":true,"href":"https:\/\/www.binavlun.com\/index.php?rest_route=%2Fwp%2Fv2%2Fcomments&post=250"}],"version-history":[{"count":7,"href":"https:\/\/www.binavlun.com\/index.php?rest_route=\/wp\/v2\/pages\/250\/revisions"}],"predecessor-version":[{"id":2137,"href":"https:\/\/www.binavlun.com\/index.php?rest_route=\/wp\/v2\/pages\/250\/revisions\/2137"}],"wp:attachment":[{"href":"https:\/\/www.binavlun.com\/index.php?rest_route=%2Fwp%2Fv2%2Fmedia&parent=250"}],"curies":[{"name":"wp","href":"https:\/\/api.w.org\/{rel}","templated":true}]}}